1 and 60.
3
Calculate the greatest common factor of 315 and 504.
63
What is the greatest common factor of 68 and 14569?
17
Calculate the greatest common factor of 145 and 15.
5
What is the highest common divisor of 62 and 5425?
31
What is the greatest common divisor of 1857 and 60?
3
Calculate the highest common divisor of 82 and 10660.
82
What is the greatest common factor of 2756 and 78?
26
What is the highest common divisor of 170 and 70?
10
What is the greatest common factor of 32 and 152?
8
Calculate the greatest common divisor of 2715 and 30.
15
What is the highest common factor of 1278 and 306?
18
What is the highest common factor of 1452 and 12?
12
Calculate the highest common factor of 450 and 400.
50
What is the highest common factor of 22 and 77?
11
Calculate the highest common factor of 53 and 1696.
53
Calculate the greatest common factor of 639 and 71.
71
Calculate the greatest common divisor of 89505 and 27.
27
What is the greatest common factor of 51 and 4131?
51
What is the highest common factor of 1740 and 495?
15
What is the highest common divisor of 567 and 343?
7
What is the highest common factor of 65 and 221?
13
Calculate the highest common factor of 41 and 82.
41
Calculate the highest common factor of 14 and 791.
7
Calculate the greatest common divisor of 50 and 110.
10
What is the highest common divisor of 344 and 79292?
172
Calculate the greatest common factor of 108 and 180.
36
What is the greatest common factor of 5450 and 50?
50
Calculate the greatest common divisor of 160 and 1270.
10
Calculate the greatest common factor of 6300 and 40.
20
What is the highest common divisor of 371 and 1325?
53
Calculate the greatest common divisor of 334 and 6179.
167
Calculate the greatest common factor of 810 and 63.
9
What is the highest common divisor of 113 and 4?
1
What is the greatest common divisor of 55792 and 88?
88
Calculate the greatest common factor of 80 and 540.
20
What is the highest common divisor of 13509 and 19?
19
What is the highest common factor of 536 and 8?
8
What is the highest common divisor of 3306 and 19?
19
What is the greatest common factor of 4 and 122?
2
What is the greatest common divisor of 7304 and 44?
44
What is the greatest common divisor of 1750 and 125?
125
Calculate the greatest common divisor of 52 and 221.
13
Calculate the greatest common divisor of 60 and 1212.
12
What is the greatest common divisor of 1562 and 22?
22
Calculate the greatest common factor of 4 and 90.
2
What is the highest common factor of 231 and 11?
11
What is the greatest common factor of 80 and 25360?
80
What is the greatest common divisor of 124 and 620?
124
What is the greatest common factor of 341 and 11?
11
Calculate the greatest common divisor of 664 and 1826.
166
Calculate the highest common divisor of 330 and 88.
22
What is the highest common factor of 38 and 2?
2
What is the highest common divisor of 11 and 20581?
11
Calculate the highest common factor of 30 and 250.
10
Calculate the highest common factor of 50 and 4330.
10
What is the greatest common divisor of 99 and 10593?
99
What is the greatest common factor of 12 and 140?
4
What is the greatest common divisor of 3456 and 54?
54
Calculate the highest common factor of 13211 and 11.
11
Calculate the greatest common divisor of 40 and 7808.
8
What is the greatest common factor of 48 and 696?
24
Calculate the greatest common divisor of 2646 and 21.
21
What is the highest common factor of 1248 and 32?
32
Calculate the highest common factor of 45 and 1530.
45
Calculate the greatest common divisor of 27 and 1.
1
Calculate the greatest common factor of 42 and 222.
6
What is the greatest common divisor of 20 and 10?
10
What is the greatest common factor of 160 and 60?
20
What is the highest common factor of 196 and 1323?
49
Calculate the greatest common factor of 96 and 4128.
96
Calculate the greatest common factor of 280 and 8.
8
Calculate the highest common factor of 261 and 34887.
87
Calculate the greatest common factor of 6192 and 1584.
144
Calculate the highest common divisor of 667 and 29.
29
Calculate the highest common divisor of 125 and 475.
25
What is the highest common factor of 10 and 52790?
10
What is the greatest common divisor of 112 and 7?
7
What is the greatest common factor of 90 and 11295?
45
What is the highest common factor of 75 and 1600?
25
What is the highest common factor of 1643 and 106?
53
What is the greatest common factor of 962 and 148?
74
What is the greatest common factor of 20 and 24?
4
What is the greatest common factor of 330 and 45?
15
What is the greatest common factor of 133 and 57?
19
Calculate the highest common divisor of 1736 and 84.
28
Calculate the greatest common divisor of 1369 and 37.
37
Calculate the highest common divisor of 1043 and 49.
7
What is the highest common factor of 34093 and 103?
103
Calculate the greatest common divisor of 18 and 8118.
18
What is the greatest common factor of 19 and 52991?
19
Calculate the highest common divisor of 900 and 132.
12
What is the highest common divisor of 5 and 575?
5
What is the greatest common factor of 55 and 308?
11
What is the greatest common factor of 200 and 8?
8
Calculate the greatest common factor of 3111 and 357.
51
Calculate the greatest common factor of 6477 and 561.
51
What is the greatest common factor of 6912 and 252?
36
What is the highest common divisor of 14 and 33278?
14
Calculate the highest common divisor of 55 and 20.
5
Calculate the highest common divisor of 4 and 308.
4
Calculate the greatest common divisor of 2992 and 704.
176
Calculate the highest common divisor of 365 and 73.
73
Calculate the highest common divisor of 178 and 6.
2
Calculate the greatest common divisor of 516 and 602.
86
What is the highest common factor of 4662 and 1890?
126
What is the highest common divisor of 11 and 1177?
11
What is the highest common factor of 119 and 51?
17
Calculate the highest common divisor of 576 and 684.
36
Calculate the greatest common factor of 9545 and 345.
115
Calculate the greatest common divisor of 25 and 32.
1
What is the greatest common factor of 390 and 90?
30
Calculate the highest common divisor of 994 and 126.
14
What is the highest common factor of 5103 and 162?
81
Calculate the greatest common factor of 7504 and 16.
16
What is the highest common factor of 2641 and 38?
19
Calculate the greatest common factor of 288 and 160.
32
Calculate the greatest common divisor of 765 and 405.
45
Calculate the greatest common factor of 52 and 65.
13
What is the greatest common divisor of 20 and 30?
10
Calculate the highest common divisor of 584 and 40.
8
What is the greatest common factor of 672 and 378?
42
Calculate the highest common factor of 5029 and 47.
47
Calculate the greatest common factor of 133 and 4921.
133
What is the greatest common divisor of 8313 and 51?
51
What is the highest common factor of 2 and 1?
1
What is the highest common factor of 13648 and 16?
16
What is the highest common divisor of 804 and 12?
12
Calculate the highest common divisor of 1065 and 8733.
213
Calculate the highest common factor of 88 and 3256.
88
Calculate the greatest common divisor of 10560 and 165.
165
What is the highest common factor of 1920 and 15?
15
What is the greatest common factor of 72855 and 45?
45
What is the highest common factor of 1500 and 30?
30
What is the greatest common divisor of 280 and 500?
20
What is the greatest common factor of 1 and 3?
1
Calculate the greatest common factor of 155 and 15035.
155
What is the highest common factor of 25029 and 618?
309
What is the greatest common factor of 55 and 65?
5
What is the highest common divisor of 20 and 380?
20
Calculate the greatest common factor of 94 and 329.
47
Calculate the highest common factor of 3289 and 286.
143
What is the highest common divisor of 320 and 190?
10
What is the greatest common divisor of 2560 and 25?
5
What is the greatest common factor of 201 and 6?
3
Calculate the greatest common divisor of 1372 and 1960.
196
Calculate the greatest common divisor of 2771 and 34.
17
What is the greatest common factor of 1 and 818?
1
What is the greatest common factor of 7728 and 161?
161
Calculate the highest common divisor of 511 and 7.
7
What is the greatest common divisor of 81 and 134